33. Let r be p(14). Suppose 89 = 3*g - 4*a, -g - 4*g + 150 = -5*a. What is the highest common factor of g and r?
31
Let f(p) = p**3 + 21*p**2 - 7*p - 35. Let g be f(-21). Suppose 64 = 4*d + i, 4*i - 10 - 38 = -3*d. What is the greatest common divisor of g and d?
16
Let g = -26 - -55. Suppose 22 = 5*l + 2*x - 117, 6 = -2*x. What is the highest common divisor of g and l?
29
Let o = -419 - -453. What is the greatest common factor of o and 6?
2
Let j be ((-112)/4)/4 + 5. Let k = j + 36. What is the greatest common factor of 374 and k?
34
Let p be (-8)/(-18)*36/8. Calculate the greatest common divisor of 128 and p.
2
Let x(r) = r**3 - 15*r**2 + 13*r - 9. Let h be x(14). Let m = h + 45. Calculate the greatest common divisor of 22 and m.
22
Let b(d) = 52*d**3 + 3*d**2 - 1. Let j = -113 + 114. Let z be b(j). Calculate the greatest common factor of z and 36.
18
Suppose 3*b - 3*u = -6, -b - b = -5*u + 10. Suppose b = -4*w + 438 - 118. Suppose 0 = 5*h - 2*h - 96. Calculate the highest common factor of w and h.
16
Suppose 3*c - 17 = 31. Suppose 68 = c*h - 12*h. What is the greatest common divisor of 85 and h?
17
Let v(q) = q + 516. Let c be v(0). Let t = 319 - c. Let m = 384 + t. What is the highest common divisor of m and 17?
17
Suppose -564 = 18*n - 1950. Calculate the greatest common divisor of 21 and n.
7
Let j be (5/(-2))/((-11)/(3960/50)). What is the highest common divisor of 126 and j?
18
Let g be (-3)/3 - (-2 - 87). Let r be 4 - -1 - (1 - (-3 + 3)). Suppose 4*j = 2*a - 8 - 0, 38 = r*a + 3*j. What is the highest common divisor of a and g?
8
Suppose -4*i = i - 3*z - 344, 0 = 4*z - 8. What is the highest common divisor of i and 1890?
70
Let r(l) = l**2 - 3*l + 4. Let p be (2 - 5)/(2 - 3). Let n be r(p). Suppose 318 - 38 = n*q. Calculate the highest common factor of q and 10.
10
Let a be ((-8)/12)/((-1)/18). Suppose 5*i - 37 = -a. Suppose 2*z - 83 = -3*b + 242, 0 = i*b + 3*z - 540. Calculate the greatest common divisor of 15 and b.
15
Let z = -41 - -71. Suppose 5*b = -10, 0 = -3*i + 5*i - 4*b - 248. Suppose 4*a = 10*a - i. Calculate the greatest common divisor of a and z.
10
Let c = 8 - 7. Let h = -721 - -723. Calculate the greatest common divisor of h and c.
1
Let r = 37 - 6. Suppose -r*m + 180 = -29*m. Suppose 3*x + 2*h + 68 = 5*x, -2*h + 112 = 3*x. Calculate the greatest common factor of x and m.
18
Suppose 0 = -0*t + 2*t - 4. Suppose -t*z + 5*b = 3*z + 5, -2*z + 18 = 2*b. Suppose -24 = -z*d - 4. What is the greatest common factor of 10 and d?
5
Suppose -5*d + 1 = -2*o, -4*o - 2 = -6*o + 2*d. Let x(q) = 3*q - 2*q + 4 - 2*q - o. Let a be x(-3). What is the highest common factor of a and 5?
5
Let z(v) = 14*v**2 + 10*v + 24. Let y be z(-4). Let h = y - 87. Let s be 2/(24/11 + -2). What is the highest common divisor of s and h?
11
Let g = 1380 + -1146. What is the greatest common factor of g and 54?
18
Suppose -2*s = -f - 14, s - f + 6 = 3*s. Let x(i) = 4*i + 1. Let m be x(s). Let h be (4/6)/(6/567). What is the greatest common divisor of m and h?
21
Let r = -5 + 14. Suppose -118*m + 124*m = 216. What is the greatest common divisor of m and r?
9
Let p = -27 + 13. Let v be (p/8)/(5/(-40)). Let s = 270 + -158. Calculate the highest common divisor of s and v.
14
Let r be (1030/(-20) + -1)*18/(-5). What is the highest common divisor of 54 and r?
27
Let h = -95 - -123. What is the greatest common factor of 42 and h?
14
Suppose -5*w = -1 - 179. What is the greatest common divisor of 45 and w?
9
Let w(m) = 2*m**2 - 14*m + 20. Let a be w(8). Suppose -7*d = -10*d + a. Suppose d*y - 9*y = 96. What is the greatest common divisor of y and 160?
32
Let n be ((-6)/(-2) - 3) + 1. Suppose d - 16 = 4*t - t, 3*d - 8 = t. Suppose 0*y - y + 3*w + d = 0, -9 = -y - w. What is the highest common factor of n and y?
1
Let k = 43 + -15. Calculate the highest common divisor of k and 210.
14
Suppose -335 + 106 = -n + v, n - 5*v = 221. What is the highest common factor of 63 and n?
21
Let m = 27 + -13. Suppose -397 = -8*p - 285. Calculate the greatest common factor of p and m.
14
Suppose 12*o - 18*o + 1188 = 0. What is the greatest common factor of o and 44?
22
Let q = 278 + -235. Calculate the greatest common factor of 301 and q.
43
Let q = -67 - -74. Suppose q*v - 2 = 12. What is the highest common divisor of 11 and v?
1
Suppose j + d = -4*j - 99, -2*j = d + 39. Let u be (3/6)/((-2)/j). Suppose u*x - 62 = -4*w, 3*w = 4*w + 2. Calculate the greatest common divisor of x and 42.
14
Suppose -t = -0 - 15. Suppose -3*h = -3*f - 611 + 206, 0 = h + 5*f - 135. What is the highest common divisor of h and t?
15
Let w(m) = 11*m - 39. Let f be w(9). Let t = f + 369. What is the highest common divisor of 39 and t?
39
Suppose 16 = -4*m + 6*m. Let b = -7 + m. Let z(i) = i + 1. Let v be z(b). Calculate the greatest common divisor of 18 and v.
2
Let v(h) be the third derivative of -11*h**4/24 - 2*h**3/3 - 8*h**2. Let s be v(-4). Calculate the highest common divisor of 16 and s.
8
Suppose -3*y - 4*k = y, 4*y - 2*k + 6 = 0. Let p be y/4 + 6/(-8). Let q(w) = 11*w**2 + 2*w + 1. Let z be q(p). Calculate the greatest common divisor of 5 and z.
5
Let c = 2559 + -2487. Suppose 45 = 7*w - 2*w. What is the greatest common divisor of c and w?
9
Let v = 905 + -709. What is the highest common factor of v and 168?
28
Suppose -3*v + 3*j + 126 = 0, 2*j + 2*j - 255 = -5*v. Let c = 71 - v. Calculate the greatest common divisor of c and 24.
24
Let h be 8*(-5)/(20/(-18)). Suppose -h + 9 = -9*g. What is the greatest common divisor of 33 and g?
3
Let n(s) = -3*s + 5. Let x(t) = 2*t - 3. Let q(z) = 3*n(z) + 7*x(z). Let y be q(3). Let r be -6 + y + (0 - -13). What is the highest common factor of 2 and r?
2
Suppose 11 = -2*a - 5*q, -a = -6*q + 3*q - 11. Suppose 0*i - 52 = -a*i. Let d be (2*10/(-60))/((-1)/39). Calculate the greatest common divisor of d and i.
13
Let r(m) = -m**2 - 8*m + 9. Let d be r(-8). Let w(c) = -2*c**3 + 19*c**2 - 8*c - 6. Let t be w(d). Calculate the highest common divisor of t and 27.
3
Suppose 3*d - 356 = -3*a - 2*d, 0 = -5*a - 3*d + 572. What is the highest common divisor of a and 140?
28
Suppose 0 = -82*w + 81*w + 30. Let o be (-4)/6*3 + 2. Suppose -4*y + 28 + 32 = o. Calculate the greatest common divisor of y and w.
15
Suppose 0 = -5*i - 15 + 45. Suppose 4 = l - 2. Suppose -l*u + 11*u = 30. Calculate the greatest common factor of u and i.
6
Let u = 30 + -134. Let m = -83 - u. What is the greatest common divisor of m and 231?
21
Let g = -3 + 5. Suppose 3*b + w - 23 = 6*w, -g*b - 3*w = 10. What is the greatest common factor of 7 and b?
1
Suppose 3*a - 3*h = 102, 11*a + 5*h - 200 = 6*a. What is the greatest common factor of a and 1?
1
Suppose 3*b - 48 = -s - 2*s, -2*s - 1 = -b. Let t(c) = c**2 + 9*c + 9. Let q be t(-15). What is the highest common factor of q and b?
11
Let i be (-60)/(0 + -10) - -3. Suppose -4*k = -0*k - 360. What is the highest common factor of i and k?
9
Suppose -j + 2 = 0, 0*r + 4*r + 4*j + 140 = 0. Let w = -15 - r. Calculate the greatest common factor of 2 and w.
2
Let q be 29 + 2 - (9 + -5). Let n(z) = z + 16. Suppose -3*w = c + 2*c + 27, -2*w - 4 = -5*c. Let p be n(w). What is the highest common divisor of p and q?
9
Let c(g) = -g**2 + 17*g + 8. Let l = 5 - -12. Let j be c(l). Calculate the greatest common factor of j and 64.
8
Suppose -5*r = 0, -3*t + 2*r - 88 + 352 = 0. What is the highest common divisor of t and 66?
22
Let g = 579 + -492. Calculate the greatest common factor of g and 1073.
29
Let y(d) = -d**2 + 10*d - 5. Let l be y(5). Suppose -l = 5*r - 60. Let b be ((-10)/r)/((-1)/12). Calculate the highest common factor of b and 60.
15
Let k(j) = 2*j + 2. Let x be k(11). Suppose 0 = -2*m - 5*u - 17, 2*u = m - 2*u - x. What is the highest common divisor of 12 and m?
4
Suppose 12 = -6*t + 9*t. Let z be 1 + t + 2 - 3. Let h(i) = 4*i**2 + 4*i + 2. Let x be h(-2). Calculate the highest common factor of x and z.
2
Let y = 176 - 16. Let t be 61 + 2 + -2 + 8 + (-30)/6. Calculate the greatest common divisor of y and t.
32
Let w = 26 + -21. Suppose -307 = -w*t + 298. Let h = -69 + t. What is the highest common factor of 78 and h?
26
Let o = 0 + 2. Suppose -o*n = -8*n. Suppose 4*b - 33 - 71 = n. What is the highest common factor of 234 and b?
26
Let v(x) = x**3 + 8*x**2 - 7